{"id":23,"date":"2021-10-15T20:34:16","date_gmt":"2021-10-15T18:34:16","guid":{"rendered":"https:\/\/www.hv-wa.de\/?page_id=23"},"modified":"2021-10-15T22:47:07","modified_gmt":"2021-10-15T20:47:07","slug":"philosophie","status":"publish","type":"page","link":"https:\/\/www.hv-wa.de\/","title":{"rendered":"Philosophie"},"content":{"rendered":"\t\t<div data-elementor-type=\"wp-page\" data-elementor-id=\"23\" class=\"elementor elementor-23\" data-elementor-settings=\"[]\">\n\t\t\t\t\t\t\t<div class=\"elementor-section-wrap\">\n\t\t\t\t\t\t\t<section class=\"elementor-section elementor-top-section elementor-element elementor-element-189b74d elementor-section-boxed elementor-section-height-default elementor-section-height-default\" data-id=\"189b74d\" data-element_type=\"section\">\n\t\t\t\t\t\t<div class=\"elementor-container elementor-column-gap-default\">\n\t\t\t\t\t<div class=\"elementor-column elementor-col-100 elementor-top-column elementor-element elementor-element-86dd768\" data-id=\"86dd768\" data-element_type=\"column\">\n\t\t\t<div class=\"elementor-widget-wrap elementor-element-populated\">\n\t\t\t\t\t\t\t\t<div class=\"elementor-element elementor-element-1599e39 elementor-invisible elementor-widget elementor-widget-heading\" data-id=\"1599e39\" data-element_type=\"widget\" data-settings=\"{&quot;_animation&quot;:&quot;fadeInDown&quot;}\" data-widget_type=\"heading.default\">\n\t\t\t\t<div class=\"elementor-widget-container\">\n\t\t\t<h2 class=\"elementor-heading-title elementor-size-default\">Philosophie<\/h2>\t\t<\/div>\n\t\t\t\t<\/div>\n\t\t\t\t\t<\/div>\n\t\t<\/div>\n\t\t\t\t\t\t\t<\/div>\n\t\t<\/section>\n\t\t\t\t<section class=\"elementor-section elementor-top-section elementor-element elementor-element-c2e0ee0 elementor-section-boxed elementor-section-height-default elementor-section-height-default\" data-id=\"c2e0ee0\" data-element_type=\"section\">\n\t\t\t\t\t\t<div class=\"elementor-container elementor-column-gap-default\">\n\t\t\t\t\t<div class=\"elementor-column elementor-col-100 elementor-top-column elementor-element elementor-element-6a0093a\" data-id=\"6a0093a\" data-element_type=\"column\">\n\t\t\t<div class=\"elementor-widget-wrap elementor-element-populated\">\n\t\t\t\t\t\t\t\t<div class=\"elementor-element elementor-element-a9b23f2 elementor-widget elementor-widget-text-editor\" data-id=\"a9b23f2\" data-element_type=\"widget\" data-widget_type=\"text-editor.default\">\n\t\t\t\t<div class=\"elementor-widget-container\">\n\t\t\t\t\t\t\t<p>Wir sind spezialisiert auf die Verwaltung von Wohnimmobilien und m\u00f6chten unsere F\u00e4higkeiten nutzen, um f\u00fcr Eigent\u00fcmer und Mieter ein zufriedenstellendes Ergebnis in der Bewirtschaftung des eigenen Objektes zu erzielen.<\/p><p>Wir haben an unseren Service hohe Qualit\u00e4tsanspr\u00fcche und sind geschult in den aktuellen Vorschriften der WEG und Miet-Verwaltung.<\/p><p>Kundenzufriedenheit sowie eine harmonische Zusammenarbeit stehen bei uns an erster Stelle.<\/p><p>Sollten Fragen offen bleiben, sind wir jederzeit pers\u00f6nlich f\u00fcr Sie- und Ihre Mieter- erreichbar.<\/p><p>Wir verf\u00fcgen \u00fcber ein gut funktionierendes Netzwerk von Handwerksfirmen, Hausreinigungsfirmen, Bausachverst\u00e4ndigen und Architekten.<\/p><p>Ein schneller Strukturwandel sowie die Digitalisierung haben das Management, die Bewirtschaftung und die Kommunikation mit den Kunden schneller gemacht.<\/p><p>Wir haben uns hier organisatorisch und technisch darauf eingestellt.<\/p>\t\t\t\t\t\t<\/div>\n\t\t\t\t<\/div>\n\t\t\t\t<div class=\"elementor-element elementor-element-bc926ae elementor-widget-divider--view-line elementor-widget elementor-widget-divider\" data-id=\"bc926ae\" data-element_type=\"widget\" data-widget_type=\"divider.default\">\n\t\t\t\t<div class=\"elementor-widget-container\">\n\t\t\t\t\t<div class=\"elementor-divider\">\n\t\t\t<span class=\"elementor-divider-separator\">\n\t\t\t\t\t\t<\/span>\n\t\t<\/div>\n\t\t\t\t<\/div>\n\t\t\t\t<\/div>\n\t\t\t\t\t<\/div>\n\t\t<\/div>\n\t\t\t\t\t\t\t<\/div>\n\t\t<\/section>\n\t\t\t\t<section class=\"elementor-section elementor-top-section elementor-element elementor-element-b286c36 elementor-section-boxed elementor-section-height-default elementor-section-height-default\" data-id=\"b286c36\" data-element_type=\"section\">\n\t\t\t\t\t\t<div class=\"elementor-container elementor-column-gap-default\">\n\t\t\t\t\t<div class=\"elementor-column elementor-col-100 elementor-top-column elementor-element elementor-element-785d93b\" data-id=\"785d93b\" data-element_type=\"column\">\n\t\t\t<div class=\"elementor-widget-wrap elementor-element-populated\">\n\t\t\t\t\t\t\t\t<div class=\"elementor-element elementor-element-efe308d elementor-widget elementor-widget-text-editor\" data-id=\"efe308d\" data-element_type=\"widget\" data-widget_type=\"text-editor.default\">\n\t\t\t\t<div class=\"elementor-widget-container\">\n\t\t\t\t\t\t\t<p><b>Dazu nutzen wir moderne Technologie, die unsere Prozesse entschlackt und dadurch deutlich effizienter werden. \u00dcberzeugen Sie sich einfach selbst!<\/b><\/p>\n<p><b>Da es uns sehr wichtig ist in der Qualit\u00e4t keine Abstriche zu machen, pr\u00fcfen wir das Objekt vor jedem Angebot \u00fcber unser Verwalterhonorar. Ein Werben mit Einheitspreisen ist daher aus unserer Sicht nicht seri\u00f6s.<\/b><\/p>\n<p><b>Gerne beraten wir Sie pers\u00f6nlich \u00fcber ein f\u00fcr Sie und das Objekt ma\u00dfgeschneidertes Verwaltungsangebot.<\/b><\/p>\n<p><b>Wir freuen uns auf Ihre Anfrage!<\/b><\/p>\t\t\t\t\t\t<\/div>\n\t\t\t\t<\/div>\n\t\t\t\t\t<\/div>\n\t\t<\/div>\n\t\t\t\t\t\t\t<\/div>\n\t\t<\/section>\n\t\t\t\t<section class=\"elementor-section elementor-top-section elementor-element elementor-element-e789392 elementor-section-boxed elementor-section-height-default elementor-section-height-default\" data-id=\"e789392\" data-element_type=\"section\">\n\t\t\t\t\t\t<div class=\"elementor-container elementor-column-gap-default\">\n\t\t\t\t\t<div class=\"elementor-column elementor-col-100 elementor-top-column elementor-element elementor-element-9678dd3\" data-id=\"9678dd3\" data-element_type=\"column\">\n\t\t\t<div class=\"elementor-widget-wrap elementor-element-populated\">\n\t\t\t\t\t\t\t\t<div class=\"elementor-element elementor-element-f7ee355 elementor-widget-divider--view-line elementor-widget elementor-widget-divider\" data-id=\"f7ee355\" data-element_type=\"widget\" data-widget_type=\"divider.default\">\n\t\t\t\t<div class=\"elementor-widget-container\">\n\t\t\t\t\t<div class=\"elementor-divider\">\n\t\t\t<span class=\"elementor-divider-separator\">\n\t\t\t\t\t\t<\/span>\n\t\t<\/div>\n\t\t\t\t<\/div>\n\t\t\t\t<\/div>\n\t\t\t\t<section class=\"elementor-section elementor-inner-section elementor-element elementor-element-d59fa00 elementor-section-boxed elementor-section-height-default elementor-section-height-default\" data-id=\"d59fa00\" data-element_type=\"section\">\n\t\t\t\t\t\t<div class=\"elementor-container elementor-column-gap-default\">\n\t\t\t\t\t<div class=\"elementor-column elementor-col-50 elementor-inner-column elementor-element elementor-element-ee6a0bc\" data-id=\"ee6a0bc\" data-element_type=\"column\">\n\t\t\t<div class=\"elementor-widget-wrap elementor-element-populated\">\n\t\t\t\t\t\t\t\t<div class=\"elementor-element elementor-element-3fcd5c9 elementor-view-default elementor-position-top elementor-vertical-align-top elementor-widget elementor-widget-icon-box\" data-id=\"3fcd5c9\" data-element_type=\"widget\" data-widget_type=\"icon-box.default\">\n\t\t\t\t<div class=\"elementor-widget-container\">\n\t\t\t\t\t<div class=\"elementor-icon-box-wrapper\">\n\t\t\t\t\t\t<div class=\"elementor-icon-box-icon\">\n\t\t\t\t<span class=\"elementor-icon elementor-animation-pulse\" >\n\t\t\t\t<i aria-hidden=\"true\" class=\"fas fa-exclamation-triangle\"><\/i>\t\t\t\t<\/span>\n\t\t\t<\/div>\n\t\t\t\t\t\t<div class=\"elementor-icon-box-content\">\n\t\t\t\t<h3 class=\"elementor-icon-box-title\">\n\t\t\t\t\t<span  >\n\t\t\t\t\t\tSchon gewusst?\t\t\t\t\t<\/span>\n\t\t\t\t<\/h3>\n\t\t\t\t\t\t\t\t\t<p class=\"elementor-icon-box-description\">\n\t\t\t\t\t\tSie k\u00f6nnen die Kosten f\u00fcr die Mietverwaltung \u2013\negal ob Buchhaltung, Verwaltung oder Vermietung \u2013\nin voller H\u00f6he steuerlich als Werbungskosten absetzen!\t\t\t\t\t<\/p>\n\t\t\t\t\t\t\t<\/div>\n\t\t<\/div>\n\t\t\t\t<\/div>\n\t\t\t\t<\/div>\n\t\t\t\t\t<\/div>\n\t\t<\/div>\n\t\t\t\t<div class=\"elementor-column elementor-col-50 elementor-inner-column elementor-element elementor-element-f5332a0\" data-id=\"f5332a0\" data-element_type=\"column\">\n\t\t\t<div class=\"elementor-widget-wrap elementor-element-populated\">\n\t\t\t\t\t\t\t\t<div class=\"elementor-element elementor-element-e5ebd52 elementor-widget elementor-widget-text-editor\" data-id=\"e5ebd52\" data-element_type=\"widget\" data-widget_type=\"text-editor.default\">\n\t\t\t\t<div class=\"elementor-widget-container\">\n\t\t\t\t\t\t\t<p><em>Unser <strong>Know-How<\/strong> sind die Regionale Marktkenntnisse und Kontakte, sowie regelm\u00e4\u00dfige Schulungen und Weiterbildung unserer Mitarbeiter!<\/em><\/p>\t\t\t\t\t\t<\/div>\n\t\t\t\t<\/div>\n\t\t\t\t\t<\/div>\n\t\t<\/div>\n\t\t\t\t\t\t\t<\/div>\n\t\t<\/section>\n\t\t\t\t\t<\/div>\n\t\t<\/div>\n\t\t\t\t\t\t\t<\/div>\n\t\t<\/section>\n\t\t\t\t\t\t<\/div>\n\t\t\t\t\t<\/div>\n\t\t","protected":false},"excerpt":{"rendered":"<p>Philosophie Wir sind spezialisiert auf die Verwaltung von Wohnimmobilien und m\u00f6chten unsere F\u00e4higkeiten nutzen, um f\u00fcr Eigent\u00fcmer und Mieter ein zufriedenstellendes Ergebnis in der Bewirtschaftung des eigenen Objektes zu erzielen. Wir haben an unseren Service hohe Qualit\u00e4tsanspr\u00fcche und sind geschult in den aktuellen Vorschriften der WEG und Miet-Verwaltung. Kundenzufriedenheit sowie eine harmonische Zusammenarbeit stehen bei [&hellip;]<\/p>\n","protected":false},"author":1,"featured_media":0,"parent":0,"menu_order":0,"comment_status":"closed","ping_status":"closed","template":"elementor_theme","meta":[],"_links":{"self":[{"href":"https:\/\/www.hv-wa.de\/index.php?rest_route=\/wp\/v2\/pages\/23"}],"collection":[{"href":"https:\/\/www.hv-wa.de\/index.php?rest_route=\/wp\/v2\/pages"}],"about":[{"href":"https:\/\/www.hv-wa.de\/index.php?rest_route=\/wp\/v2\/types\/page"}],"author":[{"embeddable":true,"href":"https:\/\/www.hv-wa.de\/index.php?rest_route=\/wp\/v2\/users\/1"}],"replies":[{"embeddable":true,"href":"https:\/\/www.hv-wa.de\/index.php?rest_route=%2Fwp%2Fv2%2Fcomments&post=23"}],"version-history":[{"count":32,"href":"https:\/\/www.hv-wa.de\/index.php?rest_route=\/wp\/v2\/pages\/23\/revisions"}],"predecessor-version":[{"id":141,"href":"https:\/\/www.hv-wa.de\/index.php?rest_route=\/wp\/v2\/pages\/23\/revisions\/141"}],"wp:attachment":[{"href":"https:\/\/www.hv-wa.de\/index.php?rest_route=%2Fwp%2Fv2%2Fmedia&parent=23"}],"curies":[{"name":"wp","href":"https:\/\/api.w.org\/{rel}","templated":true}]}}

<div data-elementor-type="wp-page" data-elementor-id="23" class="elementor elementor-23" data-elementor-settings="[]">
							<div class="elementor-section-wrap">
							<section class="elementor-section elementor-top-section elementor-element elementor-element-189b74d elementor-section-boxed elementor-section-height-default elementor-section-height-default" data-id="189b74d" data-element_type="section">
						<div class="elementor-container elementor-column-gap-default">
					<div class="elementor-column elementor-col-100 elementor-top-column elementor-element elementor-element-86dd768" data-id="86dd768" data-element_type="column">
			<div class="elementor-widget-wrap elementor-element-populated">
								<div class="elementor-element elementor-element-1599e39 elementor-invisible elementor-widget elementor-widget-heading" data-id="1599e39" data-element_type="widget" data-settings="{&quot;_animation&quot;:&quot;fadeInDown&quot;}" data-widget_type="heading.default">
				<div class="elementor-widget-container">
			<h2 class="elementor-heading-title elementor-size-default">Philosophie</h2>		</div>
				</div>
					</div>
		</div>
							</div>
		</section>
				<section class="elementor-section elementor-top-section elementor-element elementor-element-c2e0ee0 elementor-section-boxed elementor-section-height-default elementor-section-height-default" data-id="c2e0ee0" data-element_type="section">
						<div class="elementor-container elementor-column-gap-default">
					<div class="elementor-column elementor-col-100 elementor-top-column elementor-element elementor-element-6a0093a" data-id="6a0093a" data-element_type="column">
			<div class="elementor-widget-wrap elementor-element-populated">
								<div class="elementor-element elementor-element-a9b23f2 elementor-widget elementor-widget-text-editor" data-id="a9b23f2" data-element_type="widget" data-widget_type="text-editor.default">
				<div class="elementor-widget-container">
							<p>Wir sind spezialisiert auf die Verwaltung von Wohnimmobilien und möchten unsere Fähigkeiten nutzen, um für Eigentümer und Mieter ein zufriedenstellendes Ergebnis in der Bewirtschaftung des eigenen Objektes zu erzielen.</p><p>Wir haben an unseren Service hohe Qualitätsansprüche und sind geschult in den aktuellen Vorschriften der WEG und Miet-Verwaltung.</p><p>Kundenzufriedenheit sowie eine harmonische Zusammenarbeit stehen bei uns an erster Stelle.</p><p>Sollten Fragen offen bleiben, sind wir jederzeit persönlich für Sie- und Ihre Mieter- erreichbar.</p><p>Wir verfügen über ein gut funktionierendes Netzwerk von Handwerksfirmen, Hausreinigungsfirmen, Bausachverständigen und Architekten.</p><p>Ein schneller Strukturwandel sowie die Digitalisierung haben das Management, die Bewirtschaftung und die Kommunikation mit den Kunden schneller gemacht.</p><p>Wir haben uns hier organisatorisch und technisch darauf eingestellt.</p>						</div>
				</div>
				<div class="elementor-element elementor-element-bc926ae elementor-widget-divider--view-line elementor-widget elementor-widget-divider" data-id="bc926ae" data-element_type="widget" data-widget_type="divider.default">
				<div class="elementor-widget-container">
					<div class="elementor-divider">
			<span class="elementor-divider-separator">
						</span>
		</div>
				</div>
				</div>
					</div>
		</div>
							</div>
		</section>
				<section class="elementor-section elementor-top-section elementor-element elementor-element-b286c36 elementor-section-boxed elementor-section-height-default elementor-section-height-default" data-id="b286c36" data-element_type="section">
						<div class="elementor-container elementor-column-gap-default">
					<div class="elementor-column elementor-col-100 elementor-top-column elementor-element elementor-element-785d93b" data-id="785d93b" data-element_type="column">
			<div class="elementor-widget-wrap elementor-element-populated">
								<div class="elementor-element elementor-element-efe308d elementor-widget elementor-widget-text-editor" data-id="efe308d" data-element_type="widget" data-widget_type="text-editor.default">
				<div class="elementor-widget-container">
							<p><b>Dazu nutzen wir moderne Technologie, die unsere Prozesse entschlackt und dadurch deutlich effizienter werden. Überzeugen Sie sich einfach selbst!</b></p>
<p><b>Da es uns sehr wichtig ist in der Qualität keine Abstriche zu machen, prüfen wir das Objekt vor jedem Angebot über unser Verwalterhonorar. Ein Werben mit Einheitspreisen ist daher aus unserer Sicht nicht seriös.</b></p>
<p><b>Gerne beraten wir Sie persönlich über ein für Sie und das Objekt maßgeschneidertes Verwaltungsangebot.</b></p>
<p><b>Wir freuen uns auf Ihre Anfrage!</b></p>						</div>
				</div>
					</div>
		</div>
							</div>
		</section>
				<section class="elementor-section elementor-top-section elementor-element elementor-element-e789392 elementor-section-boxed elementor-section-height-default elementor-section-height-default" data-id="e789392" data-element_type="section">
						<div class="elementor-container elementor-column-gap-default">
					<div class="elementor-column elementor-col-100 elementor-top-column elementor-element elementor-element-9678dd3" data-id="9678dd3" data-element_type="column">
			<div class="elementor-widget-wrap elementor-element-populated">
								<div class="elementor-element elementor-element-f7ee355 elementor-widget-divider--view-line elementor-widget elementor-widget-divider" data-id="f7ee355" data-element_type="widget" data-widget_type="divider.default">
				<div class="elementor-widget-container">
					<div class="elementor-divider">
			<span class="elementor-divider-separator">
						</span>
		</div>
				</div>
				</div>
				<section class="elementor-section elementor-inner-section elementor-element elementor-element-d59fa00 elementor-section-boxed elementor-section-height-default elementor-section-height-default" data-id="d59fa00" data-element_type="section">
						<div class="elementor-container elementor-column-gap-default">
					<div class="elementor-column elementor-col-50 elementor-inner-column elementor-element elementor-element-ee6a0bc" data-id="ee6a0bc" data-element_type="column">
			<div class="elementor-widget-wrap elementor-element-populated">
								<div class="elementor-element elementor-element-3fcd5c9 elementor-view-default elementor-position-top elementor-vertical-align-top elementor-widget elementor-widget-icon-box" data-id="3fcd5c9" data-element_type="widget" data-widget_type="icon-box.default">
				<div class="elementor-widget-container">
					<div class="elementor-icon-box-wrapper">
						<div class="elementor-icon-box-icon">
				<span class="elementor-icon elementor-animation-pulse" >
				<i aria-hidden="true" class="fas fa-exclamation-triangle"></i>				</span>
			</div>
						<div class="elementor-icon-box-content">
				<h3 class="elementor-icon-box-title">
					<span  >
						Schon gewusst?					</span>
				</h3>
									<p class="elementor-icon-box-description">
						Sie können die Kosten für die Mietverwaltung –
egal ob Buchhaltung, Verwaltung oder Vermietung –
in voller Höhe steuerlich als Werbungskosten absetzen!					</p>
							</div>
		</div>
				</div>
				</div>
					</div>
		</div>
				<div class="elementor-column elementor-col-50 elementor-inner-column elementor-element elementor-element-f5332a0" data-id="f5332a0" data-element_type="column">
			<div class="elementor-widget-wrap elementor-element-populated">
								<div class="elementor-element elementor-element-e5ebd52 elementor-widget elementor-widget-text-editor" data-id="e5ebd52" data-element_type="widget" data-widget_type="text-editor.default">
				<div class="elementor-widget-container">
							<p><em>Unser <strong>Know-How</strong> sind die Regionale Marktkenntnisse und Kontakte, sowie regelmäßige Schulungen und Weiterbildung unserer Mitarbeiter!</em></p>						</div>
				</div>
					</div>
		</div>
							</div>
		</section>
					</div>
		</div>
							</div>
		</section>
						</div>
					</div>

<p>Philosophie Wir sind spezialisiert auf die Verwaltung von Wohnimmobilien und möchten unsere Fähigkeiten nutzen, um für Eigentümer und Mieter ein zufriedenstellendes Ergebnis in der Bewirtschaftung des eigenen Objektes zu erzielen. Wir haben an unseren Service hohe Qualitätsansprüche und sind geschult in den aktuellen Vorschriften der WEG und Miet-Verwaltung. Kundenzufriedenheit sowie eine harmonische Zusammenarbeit stehen bei [&hellip;]</p>
